{"id":7219,"date":"2022-11-18T11:51:02","date_gmt":"2022-11-18T11:51:02","guid":{"rendered":"http:\/\/test.maler-sigismund.de\/?page_id=7219"},"modified":"2025-10-23T13:39:38","modified_gmt":"2025-10-23T11:39:38","slug":"ms-maler-und-lackierer","status":"publish","type":"page","link":"https:\/\/maler-sigismund.de\/index.php\/ms-maler-und-lackierer\/","title":{"rendered":"Maler und Lackierer"},"content":{"rendered":"<p>[et_pb_section fb_built=&#8220;1&#8243; admin_label=&#8220;Hero&#8220; _builder_version=&#8220;4.16&#8243; use_background_color_gradient=&#8220;on&#8220; background_color_gradient_direction=&#8220;70deg&#8220; background_color_gradient_stops=&#8220;#2b2b2b 0%|rgba(128,103,79,0.32) 100%&#8220; background_color_gradient_overlays_image=&#8220;on&#8220; background_color_gradient_start=&#8220;#2b2b2b&#8220; background_color_gradient_end=&#8220;rgba(128,103,79,0.32)&#8220; background_image=&#8220;https:\/\/maler-sigismund.de\/wp-content\/uploads\/2022\/11\/Untitled-design-65.jpg&#8220; background_position=&#8220;center_right&#8220; custom_margin=&#8220;||0.2%|||&#8220; custom_padding=&#8220;2vw|||||&#8220; bottom_divider_style=&#8220;mountains2&#8243; bottom_divider_color=&#8220;#FFFFFF&#8220; bottom_divider_height=&#8220;266px&#8220; bottom_divider_repeat=&#8220;0.5x&#8220; bottom_divider_flip=&#8220;horizontal|vertical&#8220; global_colors_info=&#8220;{}&#8220;][et_pb_row _builder_version=&#8220;4.16&#8243; custom_margin=&#8220;|||&#8220; custom_padding=&#8220;79px|0px|0|0px|false|false&#8220; global_colors_info=&#8220;{}&#8220;][et_pb_column type=&#8220;4_4&#8243; _builder_version=&#8220;4.16&#8243; custom_padding=&#8220;|||&#8220; global_colors_info=&#8220;{}&#8220; custom_padding__hover=&#8220;|||&#8220;][et_pb_text _builder_version=&#8220;4.19.1&#8243; text_font=&#8220;||||||||&#8220; header_font=&#8220;Anton uploaded||||||||&#8220; header_font_size=&#8220;64px&#8220; header_letter_spacing=&#8220;2px&#8220; header_line_height=&#8220;1.4em&#8220; header_2_font=&#8220;Anton uploaded||||||||&#8220; header_2_text_color=&#8220;#d6d6d6&#8243; header_2_font_size=&#8220;55px&#8220; header_2_letter_spacing=&#8220;1px&#8220; header_2_line_height=&#8220;1.4em&#8220; background_layout=&#8220;dark&#8220; animation_style=&#8220;slide&#8220; animation_direction=&#8220;right&#8220; animation_intensity_slide=&#8220;4%&#8220; header_font_size_tablet=&#8220;50px&#8220; header_font_size_phone=&#8220;32px&#8220; header_font_size_last_edited=&#8220;on|desktop&#8220; header_2_font_size_tablet=&#8220;&#8220; header_2_font_size_phone=&#8220;24px&#8220; header_2_font_size_last_edited=&#8220;on|phone&#8220; header_text_shadow_style=&#8220;preset3&#8243; global_colors_info=&#8220;{}&#8220;]<\/p>\n<h1><span>Maler und Lackierer<\/span><\/h1>\n<p>[\/et_pb_text][et_pb_text _builder_version=&#8220;4.19.1&#8243; _module_preset=&#8220;default&#8220; text_font=&#8220;|600|on||||||&#8220; text_text_color=&#8220;#FFFFFF&#8220; text_font_size=&#8220;20px&#8220; custom_margin=&#8220;-33px||||false|false&#8220; global_colors_info=&#8220;{}&#8220;]<\/p>\n<p>M\/W\/D, VOLLZEIT, 40 STUNDEN<\/p>\n<p>[\/et_pb_text][et_pb_button button_url=&#8220;https:\/\/maler-sigismund.de\/index.php\/ms-bewerbungsformular\/&#8220; button_text=&#8220;Jetzt online bewerben&#8220; _builder_version=&#8220;4.19.1&#8243; custom_button=&#8220;on&#8220; button_text_size=&#8220;22px&#8220; button_text_color=&#8220;rgba(255,255,255,0.9)&#8220; button_bg_color=&#8220;#ed6d48&#8243; button_border_width=&#8220;8px&#8220; button_border_color=&#8220;#ed6d48&#8243; button_border_radius=&#8220;0px&#8220; button_letter_spacing=&#8220;2px&#8220; button_font=&#8220;Anton uploaded||||||||&#8220; custom_margin=&#8220;|90px||&#8220; custom_margin_phone=&#8220;|70px||&#8220; custom_margin_last_edited=&#8220;off|desktop&#8220; custom_padding=&#8220;|35px||35px|false|true&#8220; animation_style=&#8220;slide&#8220; animation_direction=&#8220;left&#8220; animation_intensity_slide=&#8220;8%&#8220; button_text_size_phone=&#8220;20px&#8220; button_text_size_last_edited=&#8220;off|desktop&#8220; box_shadow_style=&#8220;preset3&#8243; box_shadow_blur=&#8220;20px&#8220; box_shadow_spread=&#8220;-10px&#8220; global_colors_info=&#8220;{}&#8220; button_text_size__hover_enabled=&#8220;off&#8220; button_one_text_size__hover_enabled=&#8220;off&#8220; button_two_text_size__hover_enabled=&#8220;off&#8220; button_text_color__hover_enabled=&#8220;off&#8220; button_one_text_color__hover_enabled=&#8220;off&#8220; button_two_text_color__hover_enabled=&#8220;off&#8220; button_border_width__hover_enabled=&#8220;off&#8220; button_one_border_width__hover_enabled=&#8220;off&#8220; button_two_border_width__hover_enabled=&#8220;off&#8220; button_border_color__hover_enabled=&#8220;off&#8220; button_one_border_color__hover_enabled=&#8220;off&#8220; button_two_border_color__hover_enabled=&#8220;off&#8220; button_border_radius__hover_enabled=&#8220;off&#8220; button_one_border_radius__hover_enabled=&#8220;off&#8220; button_two_border_radius__hover_enabled=&#8220;off&#8220; button_letter_spacing__hover_enabled=&#8220;off&#8220; button_one_letter_spacing__hover_enabled=&#8220;off&#8220; button_two_letter_spacing__hover_enabled=&#8220;off&#8220; button_bg_color__hover_enabled=&#8220;off&#8220; button_one_bg_color__hover_enabled=&#8220;off&#8220; button_two_bg_color__hover_enabled=&#8220;off&#8220;][\/et_pb_button][et_pb_image src=&#8220;https:\/\/maler-sigismund.de\/wp-content\/uploads\/2022\/10\/Copy-of-Copy-of-Maler-Sigismund-Vorteilsangebot-1.png&#8220; title_text=&#8220;Copy of Copy of Maler Sigismund Vorteilsangebot (1)&#8220; align=&#8220;right&#8220; disabled_on=&#8220;on|on|off&#8220; _builder_version=&#8220;4.19.1&#8243; _module_preset=&#8220;default&#8220; width=&#8220;25%&#8220; module_alignment=&#8220;right&#8220; custom_margin=&#8220;-282px||30px||false|false&#8220; custom_padding=&#8220;11px|||||&#8220; global_colors_info=&#8220;{}&#8220;][\/et_pb_image][\/et_pb_column][\/et_pb_row][et_pb_row use_custom_gutter=&#8220;on&#8220; gutter_width=&#8220;1&#8243; disabled_on=&#8220;off|off|off&#8220; module_class=&#8220; et_pb_row_fullwidth&#8220; _builder_version=&#8220;4.19.1&#8243; width=&#8220;100%&#8220; width_tablet=&#8220;100%&#8220; width_phone=&#8220;&#8220; width_last_edited=&#8220;on|desktop&#8220; max_width=&#8220;100%&#8220; max_width_tablet=&#8220;100%&#8220; max_width_phone=&#8220;&#8220; max_width_last_edited=&#8220;on|desktop&#8220; custom_margin=&#8220;-3px||-10px||false|false&#8220; make_fullwidth=&#8220;on&#8220; locked=&#8220;off&#8220; global_colors_info=&#8220;{}&#8220;][et_pb_column type=&#8220;4_4&#8243; _builder_version=&#8220;4.16&#8243; custom_padding=&#8220;|||&#8220; global_colors_info=&#8220;{}&#8220; custom_padding__hover=&#8220;|||&#8220;][\/et_pb_column][\/et_pb_row][\/et_pb_section][et_pb_section fb_built=&#8220;1&#8243; custom_padding_last_edited=&#8220;off|desktop&#8220; admin_label=&#8220;About Section&#8220; _builder_version=&#8220;4.16&#8243; background_color=&#8220;#f2f3f9&#8243; background_image=&#8220;https:\/\/maler-sigismund.de\/wp-content\/uploads\/2022\/11\/maler-sigi-web-headers-1920-1240-5.png&#8220; parallax=&#8220;on&#8220; module_alignment=&#8220;right&#8220; custom_padding=&#8220;16px||16px||true|false&#8220; custom_padding_tablet=&#8220;||120px|&#8220; filter_brightness=&#8220;108%&#8220; global_colors_info=&#8220;{}&#8220;][et_pb_row column_structure=&#8220;1_4,3_4&#8243; _builder_version=&#8220;4.16&#8243; custom_margin=&#8220;||50px|&#8220; custom_padding=&#8220;30px|0px|30px|0px|true|false&#8220; border_color_all=&#8220;rgba(0,0,0,0.12)&#8220; border_width_bottom=&#8220;2px&#8220; global_colors_info=&#8220;{}&#8220;][et_pb_column type=&#8220;1_4&#8243; _builder_version=&#8220;4.16&#8243; custom_padding=&#8220;|||&#8220; global_colors_info=&#8220;{}&#8220; custom_padding__hover=&#8220;|||&#8220;][et_pb_image src=&#8220;https:\/\/maler-sigismund.de\/wp-content\/uploads\/2022\/11\/Maler-Sigismund-logo-4.png&#8220; title_text=&#8220;Maler Sigismund logo (4)&#8220; _builder_version=&#8220;4.19.1&#8243; custom_margin_tablet=&#8220;&#8220; custom_margin_phone=&#8220;-67px||||false|false&#8220; custom_margin_last_edited=&#8220;on|phone&#8220; always_center_on_mobile=&#8220;off&#8220; global_colors_info=&#8220;{}&#8220;][\/et_pb_image][\/et_pb_column][et_pb_column type=&#8220;3_4&#8243; _builder_version=&#8220;4.16&#8243; custom_padding=&#8220;|||&#8220; global_colors_info=&#8220;{}&#8220; custom_padding__hover=&#8220;|||&#8220;][et_pb_text ul_type=&#8220;circle&#8220; ul_position=&#8220;inside&#8220; _builder_version=&#8220;4.19.1&#8243; text_font=&#8220;Poppins||||||||&#8220; text_font_size=&#8220;16px&#8220; text_line_height=&#8220;2em&#8220; ul_font=&#8220;Poppins||||||||&#8220; ul_line_height=&#8220;2em&#8220; header_font=&#8220;||||||||&#8220; header_3_font=&#8220;Anton uploaded||||||||&#8220; header_3_font_size=&#8220;31px&#8220; header_3_letter_spacing=&#8220;2px&#8220; header_3_line_height=&#8220;1.4em&#8220; max_width=&#8220;750px&#8220; custom_margin=&#8220;|||&#8220; locked=&#8220;off&#8220; global_colors_info=&#8220;{}&#8220;]<\/p>\n<h3><span>BRING FARBE IN DEIN LEBEN; WERDE TEIL UNSERES TOLLEN TEAMS.<\/span><\/h3>\n<p><span>Diese Aufgaben erwarten\u00a0Dich:<\/span><\/p>\n<ul>\n<li>Malerarbeiten im Innen-und Au\u00dfenbereich<\/li>\n<li>Spachteln und Schleifen<\/li>\n<li>Abklebearbeiten<\/li>\n<li>Tapezierarbeiten<\/li>\n<li>Sanieren und Renovieren<\/li>\n<li>Untergrundvorbereitung, Mithilfe bei\u00a0 Trockenbauarbeiten und Verputzarbeiten<\/li>\n<li>Bodenbel\u00e4ge Arbeiten<\/li>\n<\/ul>\n<p>[\/et_pb_text][\/et_pb_column][\/et_pb_row][et_pb_row column_structure=&#8220;2_3,1_3&#8243; _builder_version=&#8220;4.16&#8243; custom_padding=&#8220;||47px|||&#8220; global_colors_info=&#8220;{}&#8220;][et_pb_column type=&#8220;2_3&#8243; _builder_version=&#8220;4.16&#8243; custom_padding=&#8220;|||&#8220; global_colors_info=&#8220;{}&#8220; custom_padding__hover=&#8220;|||&#8220;][et_pb_text ul_type=&#8220;circle&#8220; _builder_version=&#8220;4.19.1&#8243; text_font=&#8220;Poppins||||||||&#8220; text_font_size=&#8220;16px&#8220; text_line_height=&#8220;2em&#8220; ul_font=&#8220;Poppins||||||||&#8220; ul_line_height=&#8220;2em&#8220; header_font=&#8220;||||||||&#8220; header_3_font=&#8220;Anton uploaded|700|||||||&#8220; header_3_line_height=&#8220;1.4em&#8220; header_4_font=&#8220;Anton uploaded|700|||||||&#8220; header_4_font_size=&#8220;30px&#8220; header_4_line_height=&#8220;1.4em&#8220; max_width=&#8220;750px&#8220; custom_margin=&#8220;||50px|&#8220; global_colors_info=&#8220;{}&#8220;]<\/p>\n<h4><span>Was wir von Dir erwarten:<\/span><\/h4>\n<ul>\n<li>Ausbildung als Maler oder mit einer der Position angemessenen Berufserfahrung<\/li>\n<li>Handwerkliches Geschick<\/li>\n<li>Deutschkenntnisse in Wort und Schrift (mindestens Niveau\u00a0B1)<\/li>\n<li>Professioneller und sympathischer Umgang mit unseren Kunden<\/li>\n<li>Hohe Zuverl\u00e4ssigkeit, sorgf\u00e4ltige Arbeitsweise, genaues und strukturiertes\u00a0Arbeiten<\/li>\n<li>F\u00fchrerschein Klasse\u00a0B<\/li>\n<\/ul>\n<p>[\/et_pb_text][et_pb_text ul_type=&#8220;circle&#8220; _builder_version=&#8220;4.19.1&#8243; text_font=&#8220;Poppins||||||||&#8220; text_font_size=&#8220;16px&#8220; text_line_height=&#8220;2em&#8220; ul_font=&#8220;Poppins||||||||&#8220; ul_line_height=&#8220;2em&#8220; header_font=&#8220;||||||||&#8220; header_3_font=&#8220;Anton uploaded|700|||||||&#8220; header_3_font_size=&#8220;24px&#8220; header_3_line_height=&#8220;1.4em&#8220; header_4_font=&#8220;Anton uploaded|700|||||||&#8220; header_4_font_size=&#8220;30px&#8220; header_4_line_height=&#8220;1.4em&#8220; max_width=&#8220;750px&#8220; custom_margin=&#8220;||50px|&#8220; global_colors_info=&#8220;{}&#8220;]<\/p>\n<h4><span>Was Du von uns erwarten kannst:<\/span><\/h4>\n<ul>\n<li>Ein junges, engagiertes Team, das mit Spa\u00df und Begeisterung Komplettl\u00f6sungen anbietet und auch umsetzt. Wir ziehen alle am gleichen Strang und motivieren und gegenseitig Bestleistungen zu erzielen und pers\u00f6nlich zu wachsen<\/li>\n<li>Tolle Arbeitsatmosph\u00e4re: Im Vertrieb ist ein positives Umfeld wichtig. Denn nur wer gut gelaunt ist und Spa\u00df an der Arbeit hat, kann hervorragende Leistung bringen und Menschen Begeistern<\/li>\n<li>Inhabergef\u00fchrtes Familienunternehmen mit modernen F\u00fchrungsstil und flache Hierarchien<\/li>\n<li>Hochwertige Materialien \/ Werkzeuge und Arbeitskleidung Erstausstattung<\/li>\n<li>Attraktives und Vielseitiges Aufgabengebiet<\/li>\n<li>Firmen- und Team-Events<\/li>\n<li>Regelm\u00e4\u00dfige Mitarbeitergespr\u00e4che<\/li>\n<li>Faire Arbeitsbedingungen, Transparenz und immer ein offenes Ohr f\u00fcr Deine Anliegen<\/li>\n<li>Leistungsorientierte Verg\u00fctung, geregelte Arbeitszeiten und Karrierechancen. Wir sind auf Wachstumskurs und deshalb brauchen laufend weitere Mitarbeiter, das hei\u00dft, auch Du hast bei entsprechenden Leistungen gro\u00dfe Aufstiegschancen<\/li>\n<li>Fahrgeld, \u00dcberstundenkonto und Vorschuss m\u00f6glich<\/li>\n<\/ul>\n<p>[\/et_pb_text][et_pb_text ul_type=&#8220;circle&#8220; _builder_version=&#8220;4.19.1&#8243; text_font=&#8220;Poppins||||||||&#8220; text_font_size=&#8220;16px&#8220; text_line_height=&#8220;2em&#8220; ul_font=&#8220;Poppins||||||||&#8220; ul_line_height=&#8220;2em&#8220; header_font=&#8220;||||||||&#8220; header_3_font=&#8220;|700|||||||&#8220; header_3_font_size=&#8220;24px&#8220; header_3_line_height=&#8220;1.4em&#8220; header_4_font=&#8220;Anton uploaded|700|||||||&#8220; header_4_font_size=&#8220;25px&#8220; header_4_line_height=&#8220;1.4em&#8220; max_width=&#8220;750px&#8220; custom_margin=&#8220;||50px|&#8220; global_colors_info=&#8220;{}&#8220;]<\/p>\n<h4>Werde jetzt Teil unseres Teams \u2014 wir freuen uns auf Dich!<\/h4>\n<p>Maler Sigismund<br \/>z.Hd. Katalin Bogyor<br \/>Bunsenweg 9<br \/>82538 Geretsried<\/p>\n<p>Gerne nehmen wir Deine Bewerbung auch online entgegen an<span>\u00a0<\/span><a href=\"mailto:bewerbung@maler-sigismund.de\">bewerbung@maler-sigismund.de<\/a><\/p>\n<p>[\/et_pb_text][et_pb_button button_url=&#8220;https:\/\/maler-sigismund.de\/index.php\/ms-bewerbungsformular\/&#8220; button_text=&#8220;Jetzt online bewerben&#8220; _builder_version=&#8220;4.19.1&#8243; custom_button=&#8220;on&#8220; button_text_size=&#8220;22px&#8220; button_text_color=&#8220;rgba(255,255,255,0.9)&#8220; button_bg_color=&#8220;#ed6d48&#8243; button_border_width=&#8220;8px&#8220; button_border_color=&#8220;#ed6d48&#8243; button_border_radius=&#8220;0px&#8220; button_letter_spacing=&#8220;2px&#8220; button_font=&#8220;Anton uploaded||||||||&#8220; custom_margin=&#8220;|90px||&#8220; custom_margin_phone=&#8220;|70px||&#8220; custom_margin_last_edited=&#8220;off|desktop&#8220; custom_padding=&#8220;|35px||35px|false|true&#8220; animation_style=&#8220;slide&#8220; animation_direction=&#8220;left&#8220; animation_intensity_slide=&#8220;8%&#8220; button_text_size_phone=&#8220;20px&#8220; button_text_size_last_edited=&#8220;off|desktop&#8220; box_shadow_style=&#8220;preset3&#8243; box_shadow_blur=&#8220;20px&#8220; box_shadow_spread=&#8220;-10px&#8220; global_colors_info=&#8220;{}&#8220; button_text_size__hover_enabled=&#8220;off&#8220; button_one_text_size__hover_enabled=&#8220;off&#8220; button_two_text_size__hover_enabled=&#8220;off&#8220; button_text_color__hover_enabled=&#8220;off&#8220; button_one_text_color__hover_enabled=&#8220;off&#8220; button_two_text_color__hover_enabled=&#8220;off&#8220; button_border_width__hover_enabled=&#8220;off&#8220; button_one_border_width__hover_enabled=&#8220;off&#8220; button_two_border_width__hover_enabled=&#8220;off&#8220; button_border_color__hover_enabled=&#8220;off&#8220; button_one_border_color__hover_enabled=&#8220;off&#8220; button_two_border_color__hover_enabled=&#8220;off&#8220; button_border_radius__hover_enabled=&#8220;off&#8220; button_one_border_radius__hover_enabled=&#8220;off&#8220; button_two_border_radius__hover_enabled=&#8220;off&#8220; button_letter_spacing__hover_enabled=&#8220;off&#8220; button_one_letter_spacing__hover_enabled=&#8220;off&#8220; button_two_letter_spacing__hover_enabled=&#8220;off&#8220; button_bg_color__hover_enabled=&#8220;off&#8220; button_one_bg_color__hover_enabled=&#8220;off&#8220; button_two_bg_color__hover_enabled=&#8220;off&#8220;][\/et_pb_button][\/et_pb_column][et_pb_column type=&#8220;1_3&#8243; _builder_version=&#8220;4.16&#8243; custom_padding=&#8220;|||&#8220; global_colors_info=&#8220;{}&#8220; custom_padding__hover=&#8220;|||&#8220;][et_pb_button button_url=&#8220;https:\/\/maler-sigismund.de\/index.php\/ms-bewerbungsformular\/&#8220; button_text=&#8220;Jetzt online bewerben&#8220; _builder_version=&#8220;4.19.1&#8243; _module_preset=&#8220;default&#8220; custom_button=&#8220;on&#8220; button_text_size=&#8220;16px&#8220; button_text_color=&#8220;#FFFFFF&#8220; button_bg_color=&#8220;#ed6d48&#8243; button_letter_spacing=&#8220;3px&#8220; button_font=&#8220;Anton uploaded||||||||&#8220; custom_margin=&#8220;151px||||false|false&#8220; custom_padding=&#8220;13px|38px|13px|38px|true|true&#8220; global_colors_info=&#8220;{}&#8220;][\/et_pb_button][et_pb_text _builder_version=&#8220;4.19.1&#8243; text_font=&#8220;Poppins||||||||&#8220; text_line_height=&#8220;1.4em&#8220; link_font=&#8220;Poppins|600||on|on|||rgba(0,0,0,0.13)|&#8220; link_text_color=&#8220;#27cb8b&#8220; link_font_size=&#8220;13px&#8220; link_letter_spacing=&#8220;2px&#8220; header_font=&#8220;||||||||&#8220; header_3_font=&#8220;Anton uploaded|700|||||||&#8220; header_3_font_size=&#8220;24px&#8220; header_3_line_height=&#8220;1.6em&#8220; header_4_font=&#8220;||||||||&#8220; header_4_font_size=&#8220;16px&#8220; header_4_line_height=&#8220;1.4em&#8220; custom_margin=&#8220;|||&#8220; custom_padding=&#8220;|||&#8220; locked=&#8220;off&#8220; global_colors_info=&#8220;{}&#8220;]<\/p>\n<h3>Weitere Jobs bei<br \/>Maler Sigismund<\/h3>\n<p>[\/et_pb_text][et_pb_text _builder_version=&#8220;4.19.1&#8243; text_font=&#8220;Poppins||||||||&#8220; text_line_height=&#8220;1.4em&#8220; link_font=&#8220;Poppins|600||on|on|||rgba(0,0,0,0.13)|&#8220; link_text_color=&#8220;#27cb8b&#8220; link_font_size=&#8220;13px&#8220; link_letter_spacing=&#8220;2px&#8220; header_font=&#8220;||||||||&#8220; header_3_font=&#8220;Anton uploaded|700|||||||&#8220; header_3_line_height=&#8220;1.6em&#8220; header_4_font=&#8220;Anton uploaded||||||||&#8220; header_4_font_size=&#8220;16px&#8220; header_4_line_height=&#8220;1.4em&#8220; custom_margin=&#8220;|||&#8220; custom_padding=&#8220;|||&#8220; link_option_url=&#8220;https:\/\/maler-sigismund.de\/index.php\/ms-verputzer\/&#8220; locked=&#8220;off&#8220; global_colors_info=&#8220;{}&#8220;]<\/p>\n<h4>\u27a4 Verputzer<\/h4>\n<p>Geretsried, Bayern<\/p>\n<p>[\/et_pb_text][et_pb_text _builder_version=&#8220;4.19.1&#8243; text_font=&#8220;Poppins||||||||&#8220; text_line_height=&#8220;1.4em&#8220; link_font=&#8220;Poppins|600||on|on|||rgba(0,0,0,0.13)|&#8220; link_text_color=&#8220;#27cb8b&#8220; link_font_size=&#8220;13px&#8220; link_letter_spacing=&#8220;2px&#8220; header_font=&#8220;||||||||&#8220; header_3_font=&#8220;Anton uploaded|700|||||||&#8220; header_3_line_height=&#8220;1.6em&#8220; header_4_font=&#8220;Anton uploaded||||||||&#8220; header_4_font_size=&#8220;16px&#8220; header_4_line_height=&#8220;1.4em&#8220; custom_margin=&#8220;|||&#8220; custom_padding=&#8220;|||&#8220; link_option_url=&#8220;https:\/\/maler-sigismund.de\/index.php\/ms-bauleiter\/&#8220; locked=&#8220;off&#8220; global_colors_info=&#8220;{}&#8220;]<\/p>\n<h4>\u27a4 Bauleiter<\/h4>\n<p>Geretsried, Bayern<\/p>\n<p>[\/et_pb_text][\/et_pb_column][\/et_pb_row][\/et_pb_section][et_pb_section fb_built=&#8220;1&#8243; next_background_color=&#8220;#ffffff&#8220; admin_label=&#8220;Testimonials&#8220; _builder_version=&#8220;4.19.1&#8243; background_color=&#8220;#edeff4&#8243; background_image=&#8220;https:\/\/maler-sigismund.de\/wp-content\/uploads\/2022\/11\/Untitled-design-72.png&#8220; custom_margin=&#8220;-59px|||||&#8220; custom_padding=&#8220;198px|0px|25px|0px|false|false&#8220; top_divider_style=&#8220;mountains2&#8243; top_divider_color=&#8220;#FFFFFF&#8220; top_divider_height=&#8220;204px&#8220; top_divider_flip=&#8220;horizontal&#8220; bottom_divider_style=&#8220;mountains2&#8243; bottom_divider_arrangement=&#8220;above_content&#8220; global_colors_info=&#8220;{}&#8220;][et_pb_row column_structure=&#8220;1_2,1_2&#8243; use_custom_gutter=&#8220;on&#8220; gutter_width=&#8220;1&#8243; make_equal=&#8220;on&#8220; padding_top_bottom_link_1=&#8220;true&#8220; module_class=&#8220; et_pb_row_fullwidth&#8220; _builder_version=&#8220;4.16&#8243; width=&#8220;100%&#8220; width_tablet=&#8220;100%&#8220; width_phone=&#8220;&#8220; width_last_edited=&#8220;on|desktop&#8220; max_width=&#8220;100%&#8220; max_width_tablet=&#8220;100%&#8220; max_width_phone=&#8220;&#8220; max_width_last_edited=&#8220;on|desktop&#8220; custom_margin_tablet=&#8220;||30px|&#8220; custom_margin_phone=&#8220;&#8220; custom_margin_last_edited=&#8220;on|tablet&#8220; custom_padding=&#8220;0|0px|109px|0|false|false&#8220; make_fullwidth=&#8220;on&#8220; global_colors_info=&#8220;{}&#8220;][et_pb_column type=&#8220;1_2&#8243; _builder_version=&#8220;4.16&#8243; custom_padding=&#8220;80px|80px|80px|10%&#8220; custom_padding_tablet=&#8220;0px|10%|0px|10%|true|true&#8220; custom_padding_phone=&#8220;&#8220; custom_padding_last_edited=&#8220;on|tablet&#8220; global_colors_info=&#8220;{}&#8220; padding_tablet=&#8220;0px|10%|0px|10%|true|true&#8220; padding_last_edited=&#8220;on|tablet&#8220; custom_padding__hover=&#8220;|||&#8220; padding_phone=&#8220;0px|10%|0px|10%|true|true&#8220;][et_pb_text _builder_version=&#8220;4.19.1&#8243; text_font=&#8220;Open Sans||||||||&#8220; text_font_size=&#8220;18px&#8220; text_line_height=&#8220;1.8em&#8220; header_font=&#8220;||||||||&#8220; header_2_font=&#8220;Anton uploaded|700|||||||&#8220; header_2_font_size=&#8220;32px&#8220; header_2_letter_spacing=&#8220;2px&#8220; header_2_line_height=&#8220;1.5em&#8220; header_3_font=&#8220;Anton uploaded|700||on|||||&#8220; header_3_text_color=&#8220;rgba(43,51,68,0.2)&#8220; header_3_letter_spacing=&#8220;2px&#8220; max_width=&#8220;700px&#8220; custom_margin=&#8220;||30px|&#8220; custom_padding=&#8220;|||&#8220; locked=&#8220;off&#8220; global_colors_info=&#8220;{}&#8220;]<\/p>\n<h3>TEAM SIGI<\/h3>\n<h2>Qualit\u00e4t durch Erfahrung<\/h2>\n<p>Bei MALER SIGISMUND k\u00f6nnen Sie sich auf \u00fcber 25 Jahre Erfahrung im Maler- und Lackiererhandwerk verlassen. Bei uns haben Sie stets ein professionelles Team, dem Sie vertrauen k\u00f6nnen, an Ihrer Seite. Unsere zufriedenen Kunden setzen auf unsere kompetente Beratung, die qualitativ hochwertige Ausf\u00fchrung und das Maler Sigismund Service- und Qualit\u00e4tsversprechen.<\/p>\n<p>Lassen Sie sich jetzt ein unverbindliches Angebot f\u00fcr Ihr Projekt erstellen!<br \/>Wir beraten Sie gerne.<\/p>\n<p>[\/et_pb_text][et_pb_button button_url=&#8220;https:\/\/maler-sigismund.de\/index.php\/ms-service-und-qualitatsversprechen\/&#8220; button_text=&#8220;Finde mehr heraus&#8220; _builder_version=&#8220;4.19.1&#8243; custom_button=&#8220;on&#8220; button_text_size=&#8220;14px&#8220; button_text_color=&#8220;#5b5b5b&#8220; button_bg_color=&#8220;#FFFFFF&#8220; button_border_width=&#8220;14px&#8220; button_border_color=&#8220;rgba(255,255,255,0)&#8220; button_border_radius=&#8220;0px&#8220; button_letter_spacing=&#8220;3px&#8220; button_font=&#8220;Anton uploaded|||on|||||&#8220; custom_margin=&#8220;|||&#8220; custom_margin_tablet=&#8220;||50px|&#8220; custom_margin_phone=&#8220;||50px|&#8220; custom_margin_last_edited=&#8220;on|phone&#8220; custom_padding=&#8220;|||&#8220; animation_style=&#8220;fold&#8220; animation_direction=&#8220;left&#8220; animation_delay=&#8220;200ms&#8220; animation_intensity_fold=&#8220;20%&#8220; box_shadow_style=&#8220;preset3&#8243; box_shadow_blur=&#8220;30px&#8220; box_shadow_color=&#8220;rgba(0,0,0,0.16)&#8220; button_border_radius_hover=&#8220;0px&#8220; button_letter_spacing_hover=&#8220;1px&#8220; locked=&#8220;off&#8220; global_colors_info=&#8220;{}&#8220; button_text_size__hover_enabled=&#8220;off&#8220; button_one_text_size__hover_enabled=&#8220;off&#8220; button_two_text_size__hover_enabled=&#8220;off&#8220; button_text_color__hover_enabled=&#8220;off&#8220; button_one_text_color__hover_enabled=&#8220;off&#8220; button_two_text_color__hover_enabled=&#8220;off&#8220; button_border_width__hover_enabled=&#8220;off&#8220; button_one_border_width__hover_enabled=&#8220;off&#8220; button_two_border_width__hover_enabled=&#8220;off&#8220; button_border_color__hover_enabled=&#8220;off&#8220; button_one_border_color__hover_enabled=&#8220;off&#8220; button_two_border_color__hover_enabled=&#8220;off&#8220; button_border_radius__hover_enabled=&#8220;on&#8220; button_border_radius__hover=&#8220;0px&#8220; button_one_border_radius__hover_enabled=&#8220;off&#8220; button_two_border_radius__hover_enabled=&#8220;off&#8220; button_letter_spacing__hover_enabled=&#8220;on&#8220; button_letter_spacing__hover=&#8220;1px&#8220; button_one_letter_spacing__hover_enabled=&#8220;off&#8220; button_two_letter_spacing__hover_enabled=&#8220;off&#8220; button_bg_color__hover_enabled=&#8220;off&#8220; button_one_bg_color__hover_enabled=&#8220;off&#8220; button_two_bg_color__hover_enabled=&#8220;off&#8220;][\/et_pb_button][\/et_pb_column][et_pb_column type=&#8220;1_2&#8243; _builder_version=&#8220;4.16&#8243; background_image=&#8220;https:\/\/maler-sigismund.de\/wp-content\/uploads\/2022\/11\/Maler-Sigismund-Facebook-Posts-1920-\u00d7-1240-px-2.jpg&#8220; custom_padding=&#8220;|||&#8220; global_colors_info=&#8220;{}&#8220; custom_padding__hover=&#8220;|||&#8220;][et_pb_divider show_divider=&#8220;off&#8220; _builder_version=&#8220;4.16&#8243; height=&#8220;200px&#8220; global_colors_info=&#8220;{}&#8220;][\/et_pb_divider][\/et_pb_column][\/et_pb_row][\/et_pb_section]<\/p>\n","protected":false},"excerpt":{"rendered":"<p>Maler und LackiererM\/W\/D, VOLLZEIT, 40 STUNDENBRING FARBE IN DEIN LEBEN; WERDE TEIL UNSERES TOLLEN TEAMS. Diese Aufgaben erwarten\u00a0Dich: Malerarbeiten im Innen-und Au\u00dfenbereich Spachteln und Schleifen Abklebearbeiten Tapezierarbeiten Sanieren und Renovieren Untergrundvorbereitung, Mithilfe bei\u00a0 Trockenbauarbeiten und Verputzarbeiten Bodenbel\u00e4ge Arbeiten Was wir von Dir erwarten: Ausbildung als Maler oder mit einer der Position angemessenen Berufserfahrung Handwerkliches Geschick [&hellip;]<\/p>\n","protected":false},"author":8,"featured_media":0,"parent":0,"menu_order":0,"comment_status":"closed","ping_status":"closed","template":"","meta":{"_et_pb_use_builder":"on","_et_pb_old_content":"","_et_gb_content_width":"","footnotes":""},"class_list":["post-7219","page","type-page","status-publish","hentry"],"_links":{"self":[{"href":"https:\/\/maler-sigismund.de\/index.php\/wp-json\/wp\/v2\/pages\/7219","targetHints":{"allow":["GET"]}}],"collection":[{"href":"https:\/\/maler-sigismund.de\/index.php\/wp-json\/wp\/v2\/pages"}],"about":[{"href":"https:\/\/maler-sigismund.de\/index.php\/wp-json\/wp\/v2\/types\/page"}],"author":[{"embeddable":true,"href":"https:\/\/maler-sigismund.de\/index.php\/wp-json\/wp\/v2\/users\/8"}],"replies":[{"embeddable":true,"href":"https:\/\/maler-sigismund.de\/index.php\/wp-json\/wp\/v2\/comments?post=7219"}],"version-history":[{"count":17,"href":"https:\/\/maler-sigismund.de\/index.php\/wp-json\/wp\/v2\/pages\/7219\/revisions"}],"predecessor-version":[{"id":10030,"href":"https:\/\/maler-sigismund.de\/index.php\/wp-json\/wp\/v2\/pages\/7219\/revisions\/10030"}],"wp:attachment":[{"href":"https:\/\/maler-sigismund.de\/index.php\/wp-json\/wp\/v2\/media?parent=7219"}],"curies":[{"name":"wp","href":"https:\/\/api.w.org\/{rel}","templated":true}]}}