{"id":7976,"date":"2023-03-20T17:54:26","date_gmt":"2023-03-20T16:54:26","guid":{"rendered":"https:\/\/maler-sigismund.de\/?page_id=7976"},"modified":"2024-11-01T11:40:15","modified_gmt":"2024-11-01T10:40:15","slug":"blog","status":"publish","type":"page","link":"https:\/\/maler-sigismund.de\/index.php\/blog\/","title":{"rendered":"Blog"},"content":{"rendered":"<p>[et_pb_section fb_built=&#8220;1&#8243; next_background_color=&#8220;#f06b42&#8243; _builder_version=&#8220;4.19.1&#8243; _module_preset=&#8220;default&#8220; background_color=&#8220;#595959&#8243; custom_margin=&#8220;||0px||false|false&#8220; custom_padding=&#8220;36px||35px||false|false&#8220; bottom_divider_style=&#8220;mountains2&#8243; global_colors_info=&#8220;{}&#8220;][\/et_pb_section][et_pb_section fb_built=&#8220;1&#8243; admin_label=&#8220;Header&#8220; _builder_version=&#8220;4.19.1&#8243; _module_preset=&#8220;default&#8220; background_color=&#8220;#f06b42&#8243; custom_margin=&#8220;0px|0px|35px|0px|false|false&#8220; custom_padding=&#8220;0vw||4vw||false|false&#8220; bottom_divider_style=&#8220;mountains2&#8243; bottom_divider_color=&#8220;#FFFFFF&#8220; bottom_divider_height=&#8220;8vw&#8220; bottom_divider_repeat=&#8220;1x&#8220; bottom_divider_flip=&#8220;horizontal&#8220; bottom_divider_height_tablet=&#8220;35px&#8220; bottom_divider_height_phone=&#8220;25px&#8220; bottom_divider_height_last_edited=&#8220;off|desktop&#8220; border_color_all=&#8220;#FFFFFF&#8220; global_colors_info=&#8220;{}&#8220;][et_pb_row _builder_version=&#8220;4.19.1&#8243; _module_preset=&#8220;default&#8220; global_colors_info=&#8220;{}&#8220;][et_pb_column type=&#8220;4_4&#8243; _builder_version=&#8220;4.16&#8243; _module_preset=&#8220;default&#8220; global_colors_info=&#8220;{}&#8220;][et_pb_text _builder_version=&#8220;4.19.1&#8243; _module_preset=&#8220;64726270-e0e9-4f3d-bffe-4708fbfd76fb&#8220; header_font=&#8220;Anton uploaded|700||on|||||&#8220; header_text_color=&#8220;#FFFFFF&#8220; header_font_size=&#8220;84px&#8220; header_letter_spacing=&#8220;4px&#8220; header_line_height=&#8220;1.2em&#8220; custom_margin=&#8220;||10px||false|false&#8220; header_font_size_tablet=&#8220;40px&#8220; header_font_size_phone=&#8220;24px&#8220; header_font_size_last_edited=&#8220;on|tablet&#8220; header_text_shadow_style=&#8220;preset3&#8243; header_text_shadow_blur_strength=&#8220;0.16em&#8220; locked=&#8220;off&#8220; global_colors_info=&#8220;{}&#8220;]<\/p>\n<h1>Unser Blog<\/h1>\n<p>[\/et_pb_text][\/et_pb_column][\/et_pb_row][\/et_pb_section][et_pb_section fb_built=&#8220;1&#8243; admin_label=&#8220;Blog&#8220; _builder_version=&#8220;4.16&#8243; _module_preset=&#8220;default&#8220; global_colors_info=&#8220;{}&#8220;][et_pb_row column_structure=&#8220;3_5,2_5&#8243; _builder_version=&#8220;4.19.1&#8243; _module_preset=&#8220;default&#8220; min_height=&#8220;1775.8px&#8220; custom_margin=&#8220;-6vw||||false|false&#8220; custom_margin_tablet=&#8220;-20%||||false|false&#8220; custom_margin_phone=&#8220;-36%||||false|false&#8220; custom_margin_last_edited=&#8220;off|desktop&#8220; global_colors_info=&#8220;{}&#8220;][et_pb_column type=&#8220;3_5&#8243; _builder_version=&#8220;4.16&#8243; _module_preset=&#8220;default&#8220; global_colors_info=&#8220;{}&#8220;][et_pb_blog posts_number=&#8220;15&#8243; show_author=&#8220;off&#8220; show_date=&#8220;off&#8220; show_categories=&#8220;off&#8220; _builder_version=&#8220;4.19.1&#8243; _module_preset=&#8220;default&#8220; header_font=&#8220;Anton uploaded||||||||&#8220; header_text_color=&#8220;#282d26&#8243; header_font_size=&#8220;22px&#8220; header_letter_spacing=&#8220;1px&#8220; header_line_height=&#8220;1.5em&#8220; body_font=&#8220;||||||||&#8220; body_text_color=&#8220;#959597&#8243; body_font_size=&#8220;15px&#8220; meta_font=&#8220;|600|||||||&#8220; meta_text_color=&#8220;#000000&#8243; meta_font_size=&#8220;12px&#8220; read_more_font=&#8220;Anton uploaded|||on|||||&#8220; read_more_text_color=&#8220;#f06b42&#8243; read_more_letter_spacing=&#8220;1px&#8220; pagination_font=&#8220;||||||||&#8220; pagination_text_color=&#8220;#B6B5DC&#8220; pagination_font_size=&#8220;16px&#8220; custom_css_read_more=&#8220;margin-top: 16px;&#8220; border_radii_image=&#8220;on|16px|16px|16px|16px&#8220; global_colors_info=&#8220;{}&#8220;][\/et_pb_blog][\/et_pb_column][et_pb_column type=&#8220;2_5&#8243; _builder_version=&#8220;4.16&#8243; _module_preset=&#8220;default&#8220; global_colors_info=&#8220;{}&#8220;][et_pb_sidebar area=&#8220;et_pb_widget_area_1&#8243; _builder_version=&#8220;4.19.1&#8243; _module_preset=&#8220;default&#8220; global_colors_info=&#8220;{}&#8220;][\/et_pb_sidebar][\/et_pb_column][\/et_pb_row][\/et_pb_section][et_pb_section fb_built=&#8220;1&#8243; next_background_color=&#8220;#ffffff&#8220; admin_label=&#8220;Footer&#8220; _builder_version=&#8220;4.19.1&#8243; _module_preset=&#8220;default&#8220; use_background_color_gradient=&#8220;on&#8220; background_color_gradient_stops=&#8220;rgba(10,8,8,0) 0%|#0a0808 86%&#8220; background_color_gradient_overlays_image=&#8220;on&#8220; background_color_gradient_start=&#8220;rgba(10,8,8,0)&#8220; background_color_gradient_end=&#8220;#0a0808&#8243; background_color_gradient_end_position=&#8220;86%&#8220; background_image=&#8220;https:\/\/maler-sigismund.de\/wp-content\/uploads\/2023\/03\/maler-sigi-web-headers-1920-1240-1.jpg&#8220; parallax=&#8220;on&#8220; overflow-x=&#8220;visible&#8220; overflow-y=&#8220;visible&#8220; custom_margin=&#8220;10vw|0px|23px|0px|false|false&#8220; custom_padding=&#8220;||72px||false|false&#8220; top_divider_style=&#8220;slant&#8220; top_divider_color=&#8220;#FFFFFF&#8220; top_divider_height=&#8220;10vw&#8220; top_divider_height_tablet=&#8220;30px&#8220; top_divider_height_last_edited=&#8220;off|desktop&#8220; bottom_divider_style=&#8220;mountains2&#8243; saved_tabs=&#8220;all&#8220; global_colors_info=&#8220;{}&#8220;][et_pb_row custom_padding_last_edited=&#8220;on|phone&#8220; _builder_version=&#8220;4.19.1&#8243; _module_preset=&#8220;default&#8220; use_background_color_gradient=&#8220;on&#8220; background_color_gradient_direction=&#8220;72deg&#8220; background_color_gradient_stops=&#8220;rgba(0,0,0,0.95) 0%|rgba(14,172,239,0) 100%&#8220; background_color_gradient_overlays_image=&#8220;on&#8220; background_image=&#8220;https:\/\/maler-sigismund.de\/wp-content\/uploads\/2022\/10\/Untitled-design-31.jpg&#8220; background_position=&#8220;center_left&#8220; z_index=&#8220;3&#8243; custom_margin=&#8220;-10vw||||false|false&#8220; custom_margin_tablet=&#8220;||-22%||false|false&#8220; custom_margin_phone=&#8220;||-35%||false|false&#8220; custom_margin_last_edited=&#8220;off|desktop&#8220; custom_padding=&#8220;140px|60px|140px|60px|true|true&#8220; custom_padding_tablet=&#8220;140px||140px|30px|true|false&#8220; custom_padding_phone=&#8220;40px|20px|40px|20px|true|true&#8220; border_radii=&#8220;on|25px|25px|25px|25px&#8220; box_shadow_style=&#8220;preset3&#8243; locked=&#8220;off&#8220; global_colors_info=&#8220;{}&#8220; custom_margin__hover_enabled=&#8220;off|desktop&#8220;][et_pb_column type=&#8220;4_4&#8243; _builder_version=&#8220;4.16&#8243; _module_preset=&#8220;default&#8220; custom_padding=&#8220;|40%|||false|false&#8220; custom_padding_tablet=&#8220;|20%|||false|false&#8220; custom_padding_phone=&#8220;|0%|||false|false&#8220; custom_padding_last_edited=&#8220;on|phone&#8220; global_colors_info=&#8220;{}&#8220;][et_pb_text _builder_version=&#8220;4.19.1&#8243; _module_preset=&#8220;83d94e9b-bff8-4c15-9e33-e7b1a7a21887&#8243; header_text_color=&#8220;#FFFFFF&#8220; header_2_font=&#8220;|700|||||||&#8220; header_2_text_align=&#8220;left&#8220; header_2_text_color=&#8220;#FFFFFF&#8220; header_2_font_size=&#8220;40px&#8220; header_2_line_height=&#8220;1.2em&#8220; custom_margin=&#8220;||10px||false|false&#8220; header_2_font_size_tablet=&#8220;32px&#8220; header_2_font_size_phone=&#8220;20px&#8220; header_2_font_size_last_edited=&#8220;on|phone&#8220; header_2_text_shadow_style=&#8220;preset3&#8243; header_2_text_shadow_blur_strength=&#8220;0.29em&#8220; header_2_text_shadow_color=&#8220;rgba(0,0,0,0.8)&#8220; locked=&#8220;off&#8220; global_colors_info=&#8220;{}&#8220;]<\/p>\n<h2><span style=\"color: #ff6600;\">\u27a4 <\/span>Kostenloses Angebot einholen<\/h2>\n<p>[\/et_pb_text][et_pb_text _builder_version=&#8220;4.19.1&#8243; _module_preset=&#8220;484d2cfc-5d7f-4741-92db-06bcac696713&#8243; text_font=&#8220;||||||||&#8220; text_text_color=&#8220;#FFFFFF&#8220; text_line_height=&#8220;1.8em&#8220; max_width=&#8220;800px&#8220; min_height=&#8220;92.6px&#8220; text_font_size_tablet=&#8220;15px&#8220; text_font_size_phone=&#8220;14px&#8220; text_font_size_last_edited=&#8220;on|desktop&#8220; locked=&#8220;off&#8220; global_colors_info=&#8220;{}&#8220;]<\/p>\n<p><strong>Als Fachbetrieb renovieren und sanieren wir private Haushalte, Mietobjekte und Mehrfamilienh\u00e4user und Gewerbeimmobilien bis zu mehreren 1.000 qm B\u00fcro- und Verkaufsfl\u00e4chen.\u00a0<\/strong><\/p>\n<p>[\/et_pb_text][et_pb_button button_url=&#8220;@ET-DC@eyJkeW5hbWljIjp0cnVlLCJjb250ZW50IjoicG9zdF9saW5rX3VybF9wYWdlIiwic2V0dGluZ3MiOnsicG9zdF9pZCI6IjcyMzgifX0=@&#8220; button_text=&#8220;Kontakt-Formular&#8220; _builder_version=&#8220;4.27.0&#8243; _dynamic_attributes=&#8220;button_url&#8220; _module_preset=&#8220;474eb63b-932d-484f-a3c3-94362ff45590&#8243; custom_button=&#8220;on&#8220; button_text_size=&#8220;14px&#8220; button_text_color=&#8220;#FFFFFF&#8220; button_bg_color=&#8220;#f06b42&#8243; button_border_width=&#8220;0px&#8220; button_border_radius=&#8220;30px&#8220; button_letter_spacing=&#8220;3px&#8220; button_font=&#8220;Anton uploaded|||on|||||&#8220; custom_padding=&#8220;12px|20px|12px|20px|true|true&#8220; box_shadow_style=&#8220;preset1&#8243; locked=&#8220;off&#8220; global_colors_info=&#8220;{}&#8220;][\/et_pb_button][\/et_pb_column][\/et_pb_row][et_pb_row column_structure=&#8220;1_3,1_3,1_3&#8243; use_custom_gutter=&#8220;on&#8220; gutter_width=&#8220;2&#8243; make_equal=&#8220;on&#8220; _builder_version=&#8220;4.16&#8243; _module_preset=&#8220;default&#8220; custom_margin=&#8220;40px||||false|false&#8220; global_colors_info=&#8220;{}&#8220;][et_pb_column type=&#8220;1_3&#8243; _builder_version=&#8220;4.16&#8243; _module_preset=&#8220;default&#8220; custom_padding=&#8220;|60px|||false|false&#8220; custom_padding_tablet=&#8220;|30px|||false|false&#8220; custom_padding_phone=&#8220;|20px|||false|false&#8220; custom_padding_last_edited=&#8220;on|phone&#8220; border_color_all=&#8220;rgba(255,255,255,0.24)&#8220; border_width_right=&#8220;2px&#8220; border_width_right_tablet=&#8220;0px&#8220; border_width_right_phone=&#8220;&#8220; border_width_right_last_edited=&#8220;on|tablet&#8220; global_colors_info=&#8220;{}&#8220;][et_pb_text _builder_version=&#8220;4.19.1&#8243; _module_preset=&#8220;0874a7ef-fda6-4460-964c-06187d4d2262&#8243; header_font=&#8220;|700|on||||||&#8220; header_text_color=&#8220;#282d26&#8243; header_font_size=&#8220;14px&#8220; header_line_height=&#8220;1.3em&#8220; header_4_font=&#8220;Anton uploaded|||on|||||&#8220; header_4_text_color=&#8220;#f06b42&#8243; header_4_font_size=&#8220;15px&#8220; header_4_letter_spacing=&#8220;3px&#8220; header_4_line_height=&#8220;1.5em&#8220; custom_margin=&#8220;||0px||false|false&#8220; locked=&#8220;off&#8220; global_colors_info=&#8220;{}&#8220;]<\/p>\n<h4>Team Sigi<\/h4>\n<p>[\/et_pb_text][et_pb_text _builder_version=&#8220;4.19.1&#8243; _module_preset=&#8220;484d2cfc-5d7f-4741-92db-06bcac696713&#8243; text_font=&#8220;||||||||&#8220; text_text_color=&#8220;#FFFFFF&#8220; text_font_size=&#8220;15px&#8220; text_line_height=&#8220;1.8em&#8220; header_font=&#8220;||||||||&#8220; header_text_color=&#8220;#FFFFFF&#8220; header_font_size=&#8220;21px&#8220; max_width=&#8220;800px&#8220; text_font_size_tablet=&#8220;15px&#8220; text_font_size_phone=&#8220;14px&#8220; text_font_size_last_edited=&#8220;on|desktop&#8220; locked=&#8220;off&#8220; global_colors_info=&#8220;{}&#8220;]<\/p>\n<p><span style=\"color: #ffffff;\">\u00dcberlassen Sie die Renovierung den Profis und sparen Sie Zeit &amp; Geld.<\/span><\/p>\n<p>[\/et_pb_text][\/et_pb_column][et_pb_column type=&#8220;1_3&#8243; _builder_version=&#8220;4.16&#8243; _module_preset=&#8220;default&#8220; custom_padding=&#8220;|40px||40px|false|true&#8220; custom_padding_tablet=&#8220;|30px||0px|false|false&#8220; custom_padding_phone=&#8220;|20px||0px|false|false&#8220; custom_padding_last_edited=&#8220;on|tablet&#8220; border_color_all=&#8220;rgba(255,255,255,0.24)&#8220; border_width_right=&#8220;2px&#8220; border_width_right_tablet=&#8220;0px&#8220; border_width_right_phone=&#8220;&#8220; border_width_right_last_edited=&#8220;on|tablet&#8220; global_colors_info=&#8220;{}&#8220;][et_pb_text _builder_version=&#8220;4.19.1&#8243; _module_preset=&#8220;0874a7ef-fda6-4460-964c-06187d4d2262&#8243; header_font=&#8220;|700|on||||||&#8220; header_text_color=&#8220;#282d26&#8243; header_font_size=&#8220;14px&#8220; header_line_height=&#8220;1.3em&#8220; header_4_font=&#8220;Anton uploaded|||on|||||&#8220; header_4_text_color=&#8220;#f06b42&#8243; header_4_font_size=&#8220;15px&#8220; header_4_letter_spacing=&#8220;3px&#8220; header_4_line_height=&#8220;1.5em&#8220; custom_margin=&#8220;||0px||false|false&#8220; locked=&#8220;off&#8220; global_colors_info=&#8220;{}&#8220;]<\/p>\n<h4>Anrufen<\/h4>\n<p>[\/et_pb_text][et_pb_text _builder_version=&#8220;4.19.1&#8243; _module_preset=&#8220;484d2cfc-5d7f-4741-92db-06bcac696713&#8243; text_font=&#8220;||||||||&#8220; text_text_color=&#8220;#FFFFFF&#8220; text_font_size=&#8220;15px&#8220; text_line_height=&#8220;1.8em&#8220; header_font=&#8220;||||||||&#8220; header_text_color=&#8220;#FFFFFF&#8220; header_font_size=&#8220;21px&#8220; max_width=&#8220;800px&#8220; text_font_size_tablet=&#8220;15px&#8220; text_font_size_phone=&#8220;14px&#8220; text_font_size_last_edited=&#8220;on|desktop&#8220; locked=&#8220;off&#8220; global_colors_info=&#8220;{}&#8220;]<\/p>\n<p><span style=\"color: #ffffff;\"><a href=\"tel:0159 06435717\" rel=\"nofollow\" style=\"color: #ffffff;\">0159 06435717<\/a><\/span><\/p>\n<p>[\/et_pb_text][et_pb_text _builder_version=&#8220;4.16&#8243; _module_preset=&#8220;0874a7ef-fda6-4460-964c-06187d4d2262&#8243; header_font=&#8220;|700|on||||||&#8220; header_text_color=&#8220;#282d26&#8243; header_font_size=&#8220;14px&#8220; header_line_height=&#8220;1.3em&#8220; header_4_font=&#8220;Anton uploaded|||on|||||&#8220; header_4_text_color=&#8220;#f06b42&#8243; header_4_font_size=&#8220;15px&#8220; header_4_letter_spacing=&#8220;3px&#8220; header_4_line_height=&#8220;1.5em&#8220; custom_margin=&#8220;||0px||false|false&#8220; locked=&#8220;off&#8220; global_colors_info=&#8220;{}&#8220;]<\/p>\n<h4>Email<\/h4>\n<p>[\/et_pb_text][et_pb_text _builder_version=&#8220;4.27.0&#8243; _module_preset=&#8220;484d2cfc-5d7f-4741-92db-06bcac696713&#8243; text_font=&#8220;||||||||&#8220; text_text_color=&#8220;#FFFFFF&#8220; text_font_size=&#8220;15px&#8220; text_line_height=&#8220;1.8em&#8220; header_font=&#8220;||||||||&#8220; header_text_color=&#8220;#FFFFFF&#8220; header_font_size=&#8220;21px&#8220; max_width=&#8220;800px&#8220; text_font_size_tablet=&#8220;15px&#8220; text_font_size_phone=&#8220;14px&#8220; text_font_size_last_edited=&#8220;on|desktop&#8220; locked=&#8220;off&#8220; global_colors_info=&#8220;{}&#8220;]<\/p>\n<p><a href=\"mailto:anfrage@maler-sigismund.de\">anfrage@maler-sigismund.de<\/a><\/p>\n<p>[\/et_pb_text][\/et_pb_column][et_pb_column type=&#8220;1_3&#8243; _builder_version=&#8220;4.16&#8243; _module_preset=&#8220;default&#8220; global_colors_info=&#8220;{}&#8220;][et_pb_text _builder_version=&#8220;4.16&#8243; _module_preset=&#8220;0874a7ef-fda6-4460-964c-06187d4d2262&#8243; header_font=&#8220;|700|on||||||&#8220; header_text_color=&#8220;#282d26&#8243; header_font_size=&#8220;14px&#8220; header_line_height=&#8220;1.3em&#8220; header_4_font=&#8220;Anton uploaded|||on|||||&#8220; header_4_text_color=&#8220;#f06b42&#8243; header_4_font_size=&#8220;15px&#8220; header_4_letter_spacing=&#8220;3px&#8220; header_4_line_height=&#8220;1.5em&#8220; custom_margin=&#8220;||0px||false|false&#8220; locked=&#8220;off&#8220; global_colors_info=&#8220;{}&#8220;]<\/p>\n<h4>links<\/h4>\n<p>[\/et_pb_text][et_pb_text _builder_version=&#8220;4.19.1&#8243; _module_preset=&#8220;484d2cfc-5d7f-4741-92db-06bcac696713&#8243; text_font=&#8220;||||||||&#8220; text_text_color=&#8220;#FFFFFF&#8220; text_font_size=&#8220;15px&#8220; text_line_height=&#8220;1.8em&#8220; header_font=&#8220;||||||||&#8220; header_text_color=&#8220;#FFFFFF&#8220; header_font_size=&#8220;21px&#8220; max_width=&#8220;800px&#8220; text_font_size_tablet=&#8220;15px&#8220; text_font_size_phone=&#8220;14px&#8220; text_font_size_last_edited=&#8220;on|desktop&#8220; locked=&#8220;off&#8220; global_colors_info=&#8220;{}&#8220;]<\/p>\n<ul>\n<li><span style=\"color: #ffffff;\"><a href=\"https:\/\/maler-sigismund.de\/index.php\/leistungen\/\" style=\"color: #ffffff;\">Unsere Leistungen<\/a><\/span><\/li>\n<li><span style=\"color: #ffffff;\"><a href=\"https:\/\/maler-sigismund.de\/index.php\/ms-service-und-qualitatsversprechen\/\" style=\"color: #ffffff;\">Service- und Qualit\u00e4tsversprechen<\/a><\/span><\/li>\n<li><span style=\"color: #ffffff;\"><a href=\"https:\/\/maler-sigismund.de\/index.php\/ms-stellenangebote\/\" style=\"color: #ffffff;\">Stellenangebote<\/a><\/span><\/li>\n<li><span style=\"color: #ffffff;\"><a href=\"https:\/\/maler-sigismund.de\/index.php\/ms-kontakt\/\" style=\"color: #ffffff;\">Kontakt<\/a><\/span><\/li>\n<\/ul>\n<p>[\/et_pb_text][\/et_pb_column][\/et_pb_row][\/et_pb_section]<\/p>\n","protected":false},"excerpt":{"rendered":"<p>Unser Blog\u27a4 Kostenloses Angebot einholenAls Fachbetrieb renovieren und sanieren wir private Haushalte, Mietobjekte und Mehrfamilienh\u00e4user und Gewerbeimmobilien bis zu mehreren 1.000 qm B\u00fcro- und Verkaufsfl\u00e4chen.\u00a0Team Sigi\u00dcberlassen Sie die Renovierung den Profis und sparen Sie Zeit &amp; Geld.Anrufen0159 06435717Emailanfrage@maler-sigismund.delinks Unsere Leistungen Service- und Qualit\u00e4tsversprechen Stellenangebote Kontakt<\/p>\n","protected":false},"author":8,"featured_media":0,"parent":0,"menu_order":0,"comment_status":"closed","ping_status":"closed","template":"","meta":{"_et_pb_use_builder":"on","_et_pb_old_content":"","_et_gb_content_width":"","footnotes":""},"class_list":["post-7976","page","type-page","status-publish","hentry"],"_links":{"self":[{"href":"https:\/\/maler-sigismund.de\/index.php\/wp-json\/wp\/v2\/pages\/7976","targetHints":{"allow":["GET"]}}],"collection":[{"href":"https:\/\/maler-sigismund.de\/index.php\/wp-json\/wp\/v2\/pages"}],"about":[{"href":"https:\/\/maler-sigismund.de\/index.php\/wp-json\/wp\/v2\/types\/page"}],"author":[{"embeddable":true,"href":"https:\/\/maler-sigismund.de\/index.php\/wp-json\/wp\/v2\/users\/8"}],"replies":[{"embeddable":true,"href":"https:\/\/maler-sigismund.de\/index.php\/wp-json\/wp\/v2\/comments?post=7976"}],"version-history":[{"count":31,"href":"https:\/\/maler-sigismund.de\/index.php\/wp-json\/wp\/v2\/pages\/7976\/revisions"}],"predecessor-version":[{"id":8920,"href":"https:\/\/maler-sigismund.de\/index.php\/wp-json\/wp\/v2\/pages\/7976\/revisions\/8920"}],"wp:attachment":[{"href":"https:\/\/maler-sigismund.de\/index.php\/wp-json\/wp\/v2\/media?parent=7976"}],"curies":[{"name":"wp","href":"https:\/\/api.w.org\/{rel}","templated":true}]}}